6 - -1)?
27
Evaluate 6 + (-122 - -111 - (-6 + 2) - (12 - 3)).
-10
Calculate (4 - (7 + -4) - -2 - (-19 + 28)) + 35.
29
What is -100 + 21 + -5 + (12 - 1) - -11?
-62
What is the value of -41 - (-3 + (-6 + 3 - -5) - (-109 - -119))?
-30
(-263 + 102 - -131) + (2 - 37)
-65
What is the value of (573 - 668) + (2 - 13)?
-106
What is 62 + (51 - 47) + -13?
53
What is the value of -3 + (-15 + 4 + (17 - 8) - -78)?
73
What is the value of (44 - 34) + (3 - 0) + -6 + (2 - 77)?
-68
What is the value of (7068 - 7057) + 1 + -63?
-51
Evaluate (2 - 23) + -44 + 85 + -35 - (-2 + 62).
-75
Evaluate (-12 - 0) + (30 - -2 - (-341 - -384)).
-23
-1 + (-16 - -25) + -9 - (-64 - -4)
59
Calculate (-5 - (-81 + 64)) + 36 - (7 - 1).
42
Calculate -48 - (-21 + -26 + 4).
-5
Calculate -112 + 13 - -50 - -20.
-29
Evaluate -106 + 54 - -11 - -102.
61
What is -14 - -13 - 36 - 1?
-38
What is (18 - 13 - (-2 - -47)) + -95 + 102?
-33
1 + -1 - -1 - ((-2159 - -2217) + (90 - 1))
-146
Calculate 11 - 0 - (-170 - -111 - (-1 + 20)) - 11.
78
Evaluate 3278 + -3265 + -1 + -35.
-23
-56 - (31 - (20 + 35 - 31))
-63
(-58 - (4 + -32)) + -12
-42
-2 + -29 + (-3 - -4) - (-61 - (-23 + -50))
-42
What is -4 + (14 + 19 + -25 - (-6 - 1))?
11
Calculate 193 - 165 - (-3 - 6 - 8).
45
What is (-1 - 2) + (-196 - -151) + 36?
-12
-138 - (-124 - (9 - -39))
34
What is -7 + (-70 - (16 - -7 - (14 + 4)))?
-82
-29 + 19 - (0 - 4) - -85
79
What is -59 - (-9 + 3 + (2 - (1 + 9) - -9))?
-54
Evaluate (16 - (-41 - -56)) + 15 + 2 + -41.
-23
Calculate (8 + -13 + 2 + 7 - 0) + 11.
15
What is the value of -76 - -88 - (-58 - -10)?
60
-4 + (-11 + 12 - -11) + 9 + -8 + 67
76
What is the value of -134 + 19 + 64 - (-2 + -6)?
-43
What is 30 + (-21 - (-32 - -16)) + -54?
-29
What is the value of 5 + -84 + -5 + 20 + -8 + -29 + 9?
-92
Evaluate -68 - (-63 - 64) - 55.
4
Calculate (-7 - -3) + -8 + -21.
-33
Evaluate (907 - 918) + (-1 - -3) + (0 - 13 - 0).
-22
-22 + -1 + (-2 - -26 - -42)
43
Calculate -6 + 35 + -122 + 80.
-13
What is the value of -32 + -10 + (-40 - -74) - 10?
-18
What is -6 + 3 + (109 - 37 - 50)?
19
What is 30 - (-82 - -61) - (11 - 2)?
42
What is 76 + 19 - (11 - ((-9 - -4) + 11))?
90
Evaluate -752 + 715 - (1 + -57).
19
(13 - (14 - 13 - -11)) + 92 + -3 + -4
86
Calculate -2 + (2 + -61 - (-2 - -1)) + 4636 + -4627.
-51
Evaluate 1 + (16 + -17 + -4 - -13) + 4 + -1.
12
Calculate 1 + -34 - (552 + -560).
-25
Calculate -10 - (27 - (5 + (-12 - 4) - -13)).
-35
Evaluate (960 - 944) + 0 + 30.
46
Calculate -1267 - -1266 - (53 - -4).
-58
What is 31 + -8 + (-43 - -48 - (-1 - 18))?
47
What is (14 - 35 - -13) + (39 - 10) + (-4 - 2)?
15
What is the value of 54 + -101 + (5 - -44)?
2
What is the value of 1232 + -1174 - (0 + -5)?
63
What is -18 + 7 - (-19 - 50 - -22)?
36
Calculate 28 + (29 - 18) + 2 + 3 - (-11 - -21).
34
What is 2 + (12 - (1 + (4 - (-3 - (1 + -3)))))?
8
What is 57 - (8 + 2 - (-218 - -231) - -21)?
39
What is the value of 31 + -42 + -26 - -6 - 58?
-89
Evaluate -105 + 6 + (1943 - 1809).
35
What is the value of 69 - ((-1 - -5) + (-14 - -26) + (8 - 16))?
61
Evaluate -129 + 143 - (11 + (8 - 9) - -4).
0
Evaluate 20 + 1 + 211 + -195 + (-13 - (-1 + 0)).
25
Evaluate -40 - -14 - -65 - (5 + 36).
-2
Evaluate -4576 + 4597 - (33 - 0).
-12
Calculate 5 + -5 - -5 - (43 + -13 + 4 + -5).
-24
-7 + (-3 - (1 + -4)) + 241 + -230 - -30
34
-38 + 20 - (55 - 26 - 5)
-42
Evaluate 19 + (55 + -101 - -42) + -135 + 2.
-118
What is the value of 258 + -263 + -2 + 4 + 2 + 59?
58
What is (-55 - -59) + (13 - 8) + 18?
27
What is the value of (33 - 20) + -6 + -51 + 3?
-41
Evaluate 146 + ((15 + -12 - 18) + 6 - (-5 + -2)).
144
Calculate -55 + (30 - 4) + -11 - -1.
-39
240 + -124 - 107 - 129
-120
Evaluate 55 + 6 + 9 + -20 + (6 - 16) + 9.
49
9 - -2 - (4 - 10 - (-9 - (-5 + 10)))
3
Calculate -70 - ((-19 - 11) + (-42 - -63)).
-61
What is 39 + 18 + -11 + 0 + -19 + (-4 - 5)?
18
Calculate (-6 - -4 - 10) + (-65 - -163) - -14.
100
Evaluate (75 - 1) + (3139 - 3223).
-10
-1 - 4 - (0 - 15 - (-19 + 10)) - 48
-47
Calculate (-36 - 0) + (7 - -10) - 21.
-40
-276 - -203 - (-2 - (-8 - (14 + -8)))
-85
(0 + 4 - (537 - 421)) + 11 + -26
-127
What is -58 + 79 + 23 + -45?
-1
What is the value of (14 - 39) + (67 - (-7 - -44))?
5
What is the value of (-19 - 144) + 524 + -415?
-54
What is 138 + (16 - 298) + 126?
-18
What is the value of 35 + -92 + (3 - (-58 + 41))?
-37
Calculate (-5 - (-11 + -1)) + -31 - 89.
-113
Evaluate -134 + (66 - -7) - 4.
-65
Calculate (37 - (145 + -54)) + 81.
27
What is the value of -9048 + 9038 + 0 + -86?
-96
What is the value of (2 + -1 - -8) + (-181 - -162) - 11?
-21
-9 - ((-2 - -1) + -8 - (10 - (76 + -75)))
9
Calculate 2725 - 2736 - (-18 - 1).
8
What is the value of 27 + -2 + (-6 - -34 - 12)?
41
What is (17 - 2 - (12 - (-1 + 2))) + 23?
27
What is the value of 59 + (-31 - 2 - -4)?
30
-9 + (-22 + 15 - 6) + -14
-36
Calculate -1402 + 1349 + (0 - 21).
-74
Calculate 9 - 64 - -8 - (42 - 73).
-16
Calculate -1 + (4 - -2) + -135 - (-94 - (-168 - -82)).
-122
Calculate (-38 - (-125 - -45)) + -38.
4
What is the value of -35 - (-16 + -42 + 30) - 5?
-12
4 + -68 + 2 - (-31 + 23 + 20) - -11
-63
What is (29 + -45 - -3 - (-10 + 0)) + -2 + 123?
118
Evaluate -138 + 204 + (-5 - 5).
56
Evaluate 83 - (188 + -80 - 77).
52
What is (-1 - 41) + (-2918 - -2955)?
-5
(2 - 8) + (44 - 3 - -4 - 14)
25
Calculate -22 + -18 + (-11 - 7 - -25).
-33
-3 - -2 - (-2 + -1 + -5) - (-64 - -105)
-34
(-4 - (33 + (4 - 12))) + 7 + 0 + 8
-14
What is 21 + 2 + (-202 - -192) - (-2 - 5)?
20
What is -17 + 12 - (-10 - (-7 - -13 - 11))?
0
Calculate -167 - (-66 - 48 - -56).
-109
Calculate (-4 - 6) + 4 - (15 - (11 - -12)).
2
-1 + -38 - (69 - 27)
-81
What is (-43 - 16) + 35 + 2 + -42?
-64
(-1 + 1 - 5 - -12) + -4 + -8
-5
Evaluate (-13 - (5 - 23)) + (-1 - 2) + -7 + -13.
-18
Evaluate 113 + 1 + -58 + 7.
63
Calculate 1 + -5 + -6 - (778 - 785).
-3
What is 0 + (6 - (1 + -6)) + (-24 - -12) - -41?
40
-2 + 19 - (-880 + 958)
-61
(-33 - -65 - 141) + 78
-31
What is -27 + (-39 - 7) - (-13 + 12)?
-72
What is the value of (32 - 22) + (-2 - (-2 - -3)) - (-8 - 23)?
38
Evaluate -39 + 23 - (2 + 59 - (-8 + 2)).
-83
Evaluate (-126 + 55 - (5 - 28)) + (6 - 1).
-43
Calculate 11 + (-7 + 9 - 12) + 34 + -39.
-4
Calculate (-100 + 66 - -93) + -121.
-62
Evaluate (2 - 0 - 37) + -78 + 101.
-12
Calculate -29 - (-174 - (-202 + 134)).
77
Evaluate -21 + (99 - (133 + -62)).
7
Evaluate -39 + 82 + -11 - 21.
11
Calculate 11 - (-96 + -43 + (38 - -47)).
65
Evaluate 10 - 1 - (-9 + 12 + 8 - 4) - 27.
-25
Calculate (1 - 20 - 20 - -32) + (0 - 52) + 0.
-59
What is the value of 5 - (-79 - -76) - (1 + 1 + 9)?
-3
15 + -9 + 1 - (-5 - 40 - 1)
53
Evaluate 6 + (6 + -5 - (13 - 1)).
-5
Calculate -11 - (75 - ((1 - (9 - 6)) + 8)).
-80
What is the value of -10 + (9 + -2 + -5 + -3 + -7 - -16)?
-2
Evaluate -27 + -8 + -10 + 2 + 17.
-26
What is -113 + (34 - -133 - 89)?
-35
Calculate -77 + 124 + 91 + -197.
-59
-68 - (-50 + -19) - 5
-4
What is the value of 21 + (0 - 15) + (365 - 441)?
-70
Calculate -135929 - -135988 - (4 + -2 + -2 - (-1 - 0)).
58
What is -85 - (48 - (-101 - -103))?
-131
Calculate 89 + -121 + (-8 - (-1 - 106)).
67
What is (44 - 44) + (-1 + 6 + -6 - -4) - -10?
13
What is the value of 13 - (6 + (12 - 3) - 5) - (51 + -15)?
-33
Calculate (160 - -7) + (-2 - -17) + -20 + -12.
150
What is the value of -15 + -3 + (1 - 12 - -20) + -20 + 16?
-13
Evaluate (21 - (-85 - -180)) + 22 + (1 - 3).
-54
-19 - -21 - ((4 + -13 - -2) + 4 + -4)
9
(-40 - 31) + -119 + 181
-9
Evaluate 1 + 0 + 11 + -12 + -6 - 17.
-23
What is 0 - (-16 - -6 - (2 + -4))?
8
Evaluate -29 - (68 + (5 - 86) + -1 + 19).
-34
Evaluate 45 + 32 + (42 - 77).
42
What is the value of 4 - (24 + -33) - (1 - (1 - 9))?
4
73 + -30 + -44 + (-4 - -6)
1
Evaluate (67 + -64 - -24) + (-34 - 0).
-7
Evaluate 7 - 10 - ((-70 - ((-3 - -19) + -8)) + 0).
75
Evaluate -11 - (-1 + -6 + 20 + -68 + 3).
41
Evaluate 37 - (13 + (10 - (9 - 6)) + -31 + 12).
36
Calculate (-74 - -127) + (95 - 107).
41
Evaluate 6 + (4 - ((-14 - -3) + 6 + 9)) + -68.
-62
Calculate 1 + (-2 - 16) + 12 + -3 + 1 + 26.
19
What is 10 + 82 + -399 + 350?
43
What is 3 + -1 + (-12 - (-13 + 7 - -11 - -2))?
-17
(-23 + (2 - (-15 + -1)) - (28 + -1)) + 2
-30
-21 - (74 + -83 - (-2 + 0 + (4 - 1)))
-11
Calculate 0 + -16 + -1 - (7 + (37 - 47) - 4).
-10
What is the value of (50 - 0) + -25 + (-5 + 4 - -6)?
30
Evaluate 7 + (-3